et h(u) = u**2 - u - 4. Let l be h(5). Suppose -80*a + 114*a = -148*a + 2912. What is the highest common divisor of l and a?
16
Let c = 489 - 190. Let y(x) be the first derivative of x**3/3 - 3*x**2 + 7*x - 45. Let z be y(8). What is the greatest common divisor of z and c?
23
Let w = -344 + 754. Suppose 404 = -n + w. What is the highest common factor of 15 and n?
3
Suppose 0 = -x + 1 + 41. Let k(c) = c**2 - 41*c + 81. Let r be k(13). Let y = 289 + r. Calculate the highest common divisor of y and x.
6
Let j = 884 - -1087. What is the highest common divisor of 27 and j?
27
Let o(l) = -53*l + 8. Let z be o(-4). What is the greatest common factor of 2090 and z?
110
Let d(m) = m**2 - m + 40. Let g be d(0). Let y(x) = -9*x - 2*x**2 + 0*x**2 - 2*x + 5*x. Let n be y(-1). Calculate the greatest common factor of g and n.
4
Suppose -58*w + 61*w = -3*v + 63, 5*v - 2*w - 63 = 0. What is the highest common divisor of 480 and v?
15
Let z(a) = -117*a**3 + 59*a**2 + 184*a + 1. Let g be z(-3). What is the highest common divisor of 73 and g?
73
Let f(w) = -8*w**2 + 22*w + 5. Let a(y) = 19*y**2 - 43*y - 11. Let m(d) = 2*a(d) + 5*f(d). Let h be m(12). What is the highest common factor of 87 and h?
3
Let j be (9/15)/((-3)/(-3512)) - 54/135. What is the greatest common divisor of 81 and j?
27
Suppose 51*d = 46*d + 2040. Calculate the highest common factor of d and 1272.
24
Suppose -3*f - 5*v = -7*f + 58, -2*v + 4 = 0. Suppose 0 = -3*q, -4*g + 68 = -87*q + 89*q. Calculate the highest common divisor of f and g.
17
Suppose -20*l = -3*l + 510. Let c be 1698/90 + (2 - (-56)/l). Let k(b) = 22*b + 1. Let z be k(6). What is the highest common divisor of z and c?
19
Let k(s) = 18*s + 62. Let x be k(12). Let b = -260 + x. What is the highest common factor of b and 30?
6
Suppose 0 = -2*a + b + 3, -11*a + 8*a - 6 = 2*b. Let l(u) = u**3 - u**2 + 3*u + 12. Let h be l(a). Calculate the highest common divisor of 48 and h.
12
Suppose -237*k - 192440 = -803*k. Let h = -29 + 165. Calculate the greatest common factor of h and k.
68
Let t(u) = -3*u**3 + 8*u**2 - 2*u + 53. Let n be t(-7). What is the greatest common factor of n and 558?
186
Let z be (-7126)/(-119) + (-4)/(-34). Suppose 246*o = 240*o + 840. What is the greatest common divisor of o and z?
20
Let o be ((-48)/9)/(4/(-12)). Suppose -o + 1 = -5*p. Suppose p*w + j = 6*j + 119, 0 = -3*w - j + 95. What is the highest common factor of 3 and w?
3
Let a = -6153 + 6353. What is the highest common divisor of 250 and a?
50
Suppose 2815 + 1985 = 48*d. What is the highest common divisor of 140 and d?
20
Let s(m) = -173*m**2 + 170*m**2 + 16*m + 11*m - 2 - 15. Let w be s(7). What is the highest common factor of w and 100?
25
Let n = -6 + 17. Let x = 50 + -54. Let j(h) = 2*h**2 + 7*h + 7. Let o be j(x). Calculate the highest common divisor of o and n.
11
Let r(s) = 4 - 2*s + s**2 + 0 - 1 + s. Let h be r(-5). Let d = h - -6. What is the greatest common factor of d and 39?
39
Let q = 164 - 162. Suppose -v - q*y = -52, 2*v + 12*y = 7*y + 100. Calculate the greatest common divisor of 45 and v.
15
Suppose -9*j = -56*j + 517. What is the greatest common factor of j and 12727?
11
Let a = 33 + -3. Let h be (-21)/(-210) - (-8907)/a. What is the highest common factor of h and 33?
33
Let p = -15135 + 15735. What is the highest common divisor of 330 and p?
30
Let r(k) = 11*k - 75. Let v be r(10). Suppose -v = -8*h + 45. Let m(n) = -n**2 + 10*n + 4. Let x be m(8). Calculate the greatest common factor of x and h.
10
Let j = 107 - 7. Let t = j - 99. Let i(m) = -m**3 - 4*m**2 - 3*m - 1. Let c be i(-4). Calculate the greatest common factor of c and t.
1
Let z = -197 - -217. Suppose -2*a = 2*v - 0*a - 6, 0 = 3*v + 4*a - 10. Let y be (-2)/v*8/(-1). What is the greatest common factor of z and y?
4
Let a(f) = 117*f**2 - 462*f + 6. Let i be a(4). What is the highest common factor of 3090 and i?
30
Suppose -50*n + 5148 = -41*n. Let m = n - 554. Calculate the highest common factor of 2 and m.
2
Suppose 0 = -0*i + 2*i - 2*z - 14, 5*i - z - 27 = 0. Suppose 96 = i*o - o. Let r = -193 - -457. Calculate the highest common divisor of o and r.
24
Let o be 7/(-7)*(0 - 1)*12. Suppose -y + 21 = -o. Suppose a = -4*s - 4, 0 = -3*a - 7*s + 4*s + y. What is the highest common factor of 112 and a?
16
Let k(z) = 7905*z - 110600. Let c be k(14). Suppose 3*v + 64 = -2*n - 2*n, -56 = 4*n + 5*v. Let b = 33 + n. Calculate the highest common factor of b and c.
14
Suppose -231 = -6*o + 57. Suppose -4*l + o = -84. Suppose m = -2*h - m + 78, -h = 3*m - l. Calculate the greatest common divisor of 28 and h.
14
Let n be 4/(-14) - (2592/42)/(-6). Let x(y) = 6*y**2 + 14*y - 146. Let f be x(n). Calculate the greatest common factor of f and 66.
66
Suppose -30*l + 40*l - 770 = 0. Let k(v) = 24*v + 201. Let t be k(-7). Calculate the greatest common divisor of t and l.
11
Suppose 2*y = 8*p - 12*p + 444, 0 = -2*p + 2*y + 234. Suppose -183 = -3*k - q, 5*k - p = 3*q + 178. Calculate the greatest common divisor of 24 and k.
12
Let j(d) = -d**3 + d**2 + 4*d - 4. Let x be j(2). Suppose x = -3*n + 15, 3*h - 355 = h - 3*n. Calculate the highest common factor of h and 10.
10
Let c = 2472 + -2408. Calculate the highest common divisor of c and 13632.
64
Suppose 3*s = -0*s + 72. Suppose -4*o = -1 - 363. Let a = o - 75. Calculate the highest common factor of s and a.
8
Let i(f) = f**3 - 8*f**2 + 28*f - 25. Let p(r) = r**2 - 2*r - 1. Let v(x) = i(x) - 5*p(x). Let k be v(11). Calculate the greatest common divisor of 84 and k.
12
Suppose -18*q = -413 - 217. Suppose 161 - q = 9*o. What is the greatest common divisor of 350 and o?
14
Let b = 24 + 51. Suppose 131 = 8*f - 205. Suppose 225 = f*p - 27*p. What is the greatest common divisor of p and b?
15
Suppose -3*p - 23 = -2*l - 78, -3*p - l = -40. Let f be (-48)/8 + (28 - 2). Suppose 5*v - v = f. Calculate the highest common divisor of p and v.
5
Let z(w) = 8*w - 11. Let n(m) = -15*m + 23. Let x(i) = 6*n(i) + 11*z(i). Let d be x(5). What is the highest common factor of d and 28?
7
Let n(x) = -17*x + 20 + 2 - 3*x**3 + 2*x**3 + 16*x**2. Let v = 29 + -16. Let o be n(v). What is the highest common factor of o and 44?
44
Let v(w) = 4*w + 4. Let f be v(-31). Let s be 5/(-3*4/f). Calculate the highest common factor of 250 and s.
50
Let f = 19609 - 15685. What is the highest common factor of f and 2834?
218
Let n(p) = p**3 - 67*p**2 - 359*p - 8. Let g be n(72). Calculate the greatest common divisor of 3184 and g.
16
Let i be (-4)/(-14) - 3750/(-105). Let k be (56 + 4)/(i/48). Calculate the greatest common factor of k and 16.
16
Suppose a - 1860 = -19*a. Let u = a - 92. Let l be u/(3*4/156). What is the greatest common divisor of l and 91?
13
Let o(x) be the first derivative of -57*x**2/2 - 104*x - 38. Let c be o(-6). Calculate the greatest common factor of c and 14.
14
Let r be 28/3*((-45)/(-2))/3. Let v be (-80 + (-4 - -4)/(-4))*-1. Let p = -70 + v. What is the highest common factor of p and r?
10
Let i(y) = 7*y - 7. Let d be i(5). Let x = -34 + -7. Let h = x + 83. Calculate the highest common factor of h and d.
14
Let b = 684 + -308. What is the highest common factor of 64 and b?
8
Let b = 48586 + -48569. Suppose 0*i + 2*i = 0, 4*i = o - 187. Calculate the greatest common divisor of o and b.
17
Suppose -35 = -4*j - 3*j. Let c be (j + (-150)/24)*-136. What is the highest common divisor of c and 68?
34
Let i(b) = -2*b**2 - 12*b + 651. Let q be i(0). Calculate the highest common factor of 93 and q.
93
Let b be ((-102)/9 + 1)*-3. Let n(c) = c**2 + 7*c - 20. Let x be n(5). Let k = x - b. What is the greatest common factor of 36 and k?
9
Let q = 17956 + -7313. Calculate the greatest common divisor of q and 29.
29
Suppose 117*h - 139*h = -9108. What is the greatest common divisor of h and 1518?
138
Suppose 5*v = 2*y + 222681, y + 82869 = 3*v - 50741. What is the highest common factor of 11 and v?
11
Let x(r) = 349*r - 680. Let m be x(2). What is the highest common factor of m and 2868?
6
Let o = -1 - -201. Calculate the highest common divisor of o and 90.
10
Suppose 0 = -8*j + 2*j. Suppose -t + 6 = -j. Let c(a) = a**2 + 23*a - 2. Let m be c(-25). Calculate the greatest common divisor of m and t.
6
Suppose x = -12*h + 7*h + 474, 2*x - 3*h - 1000 = 0. What is the highest commo